 -49 - -27 - -25 - (19 + -2)?
-14
-34 + -2 + 2 + (-77 - -76)
-35
Evaluate 48 - (11 + 6) - 8 - 6.
17
Calculate -22 + (4 - (-13 - -4)).
-9
Calculate 1 + (-6 - 5) + -18 + 42.
14
Evaluate -11 + (9 - (-42 - -32 - (-6 - -2))).
4
Evaluate (2 - 1 - 7) + 0 - (300 - 304).
-2
0 - 7 - (4 - 2 - -4)
-13
What is the value of (-4 - -19) + (-7 - 30)?
-22
Calculate (2 + -6 - -7 - -8) + -1 + 3.
13
Calculate -30 + (55 - 63) + 11 + -6.
-33
Evaluate 4 + -13 - 1 - -18.
8
Calculate (28 - 68 - -24) + -5.
-21
What is (-26 - -6) + (-9 + 1 - -17)?
-11
Evaluate -1 - -3 - ((-125 - -70) + 56).
1
8 + (-24 - (13 + -32))
3
What is the value of 2 + (-5 - (-4 + 9))?
-8
Evaluate 13 - (-9 + 24 - -8).
-10
What is (-18 - -8) + 2 + 15?
7
Calculate (9 + -2 - -10) + -7.
10
Calculate (14 - 0) + (5 - -3) + (0 - 2).
20
What is (-1 - 0) + -3 + (3140 - 3140)?
-4
56 + (29 - 84) - ((1 - 0) + 3)
-3
Calculate (-323 - -325) + (1 - 6) + -1.
-4
Calculate -346 + 330 - (-11 - 0).
-5
Evaluate -11 + 23 + (-4 - 8).
0
Evaluate -75 + 69 + 10 + -1.
3
-7 - -3 - (3 + (8 - (5 - -2)))
-8
Calculate 6 + -8 + (-21 + 4 - -8).
-11
What is the value of (-1 - (0 + 2 - 4)) + -4?
-3
Calculate -19 - (-15 + 2) - -17.
11
What is the value of 5 + -4 + 0 + -20 + (-3 - -7)?
-15
Calculate 11 + (10 - 23) - -2.
0
What is the value of (12 - 28) + 11 - (-6 - 2)?
3
What is 4 + 1 + -11 + 7 + 12?
13
What is 1 + -29 + (19 - (-17 - -29))?
-21
Calculate -1 + 6 + 0 + (-2 - 6).
-3
Calculate 5 + 10 - (-41 - -57).
-1
What is 19 - (16 + -4 + -9)?
16
-16 - (-9 + -17) - 2
8
(-2 - -5) + -6 + -13 - -12
-4
Evaluate -17 + 12 - ((4 - (6 - 5)) + 20).
-28
-30 + (30 - 31 - -42)
11
-8 - (-24 + 9 - 8)
15
What is the value of -49 + 62 - (-1 - (2 - 1)) - -2?
17
What is (0 - -15) + (-23 - (53 + -27))?
-34
Evaluate 6 + -4 + 6 + (5 - 13) + 4.
4
11 + -2 + 6 + -5 - (274 + -282)
18
What is the value of (1 - (3 - (-2 + -7))) + (-2 - 4)?
-17
Calculate -26 + -7 + 0 + (-34 - -95) + -51.
-23
(-30 - -14) + -1 + 7
-10
14 - 35 - (-44 - -10)
13
Evaluate 9 + -13 + (0 - -5) + 3.
4
Evaluate 195 + -189 - (11 - -1).
-6
What is (-286 - -285) + -1 + (1 - -1)?
0
Evaluate 22 + (-11 - 1) - 4 - (0 + 10).
-4
Evaluate -46 - -32 - (1 - 3 - 3).
-9
Evaluate (-4 - 2) + 8 + (-62 - -53).
-7
What is 3 - ((6 - 1) + (-1 - 25) + 10)?
14
What is (0 - -1) + (17 - 23 - -16)?
11
-3 + -9 + -37 + 36 + (-1 - -8)
-6
What is (-12 - -2) + (-13 + 22 + -16 - -37)?
20
What is the value of (-5 - -2) + 1 + 1 + 0 + -1?
-2
What is the value of (-24 - -19) + -22 + 22?
-5
Calculate (-21 - -10) + 17 + 11 - 23.
-6
What is 6 + (-4 - (6 + -2) - 4) - -7?
1
What is the value of 5 + -18 - (-27 + 18) - 1?
-5
18 - (0 - -2) - (-449 + 449)
16
What is the value of (-4 - 1) + (2 - -7 - (24 - 31))?
11
Calculate -49 + 47 - (-7 + -2).
7
Calculate 2 + -23 - -31 - 25.
-15
What is -7 + (19 - -1 - 21 - (-1 - -8))?
-15
Evaluate -32 - (-10 + -15) - 5.
-12
Evaluate -3 - (-4 + -2 - (-4 + 12 + -21)).
-10
(234 - 227) + -3 + 2
6
What is 0 - (6 - (-5 - -11)) - (-2 - 5)?
7
What is -19 + (13 - 5) + 32 + 6?
27
(-2 - 12) + -50 + 59
-5
Evaluate 16 + -2 - (6 - 9) - -10.
27
Evaluate 4 + -24 + 10 + 3.
-7
Evaluate 12 + 7 + (37 - 51).
5
What is the value of -14 + (0 - 8) + -16 + (38 - 16)?
-16
-37 + 34 - (4 + 1)
-8
Calculate -27 + 0 - -10 - (-4 + (0 - 3)).
-10
Evaluate (-7 - -1) + (6 + (-9 - -4) - 4).
-9
-12 + (-3 - -6 - 9 - 0 - -12)
-6
-3 + (-26 - -30) + (1 + -5 - 3)
-6
Evaluate (8 - 37) + 37 + -42.
-34
Evaluate (-3 - -6 - (6 + -2 + 5)) + 11.
5
What is the value of 21 + -14 + -1 + 13 + -1?
18
Calculate (23 - -2) + (63 - (56 - -17)).
15
Evaluate (-5 - -39) + -26 + 24.
32
Evaluate 14 - (17 - 10) - 22.
-15
Calculate (12 + -29 - -25) + -47 - (-6 + 2).
-35
Calculate -15 + -1 + 12 + -10 + -2.
-16
What is -27 - (-30 + 32) - 2?
-31
-21 - (-6 + -1 - (9 + -16))
-21
Calculate -7 - ((-2 - 23) + 33 + -16 + 0).
1
Evaluate -5 + -10 + 3 + 8 + (-14 - -6).
-12
Evaluate -4 + (20 - 30) + 1 + -3.
-16
What is -17 + 30 + -3 + -17?
-7
-35 + (12 + -12 - -6) + 5
-24
(-287 + 284 - (7 + (1 - 3))) + 0
-8
What is (-29 - -9) + 12 + 14?
6
What is the value of -7 - (-1 + 5 - (55 - 51))?
-7
Evaluate (17 - 4) + 39 + -45 - 25.
-18
What is 9 + 3 - 2 - -6?
16
What is the value of (-3 - -3 - (-18 + 22)) + 14 + 0?
10
Calculate (-67 - -77) + 5 + -1 - -4.
18
What is -2 + -23 + 8 + 6 + -1 + -6?
-18
What is the value of -39 + ((7 - 12) + 4 - -9)?
-31
What is the value of 19 - 4 - (-5 + 2 - -6 - -2)?
10
Calculate -10 - ((13 - -9) + -30).
-2
Evaluate 271 + -262 + (2 - -5).
16
Evaluate -18 + 21 + (0 - 2).
1
(15 - 0) + (-360 - -343)
-2
What is (2 + 0 - -9) + -33 + 9?
-13
Evaluate -1 - -10 - ((5 - 19 - 5) + 12).
16
Calculate (28 - (40 + 15)) + 45.
18
What is 5 - ((35 - 14) + -10)?
-6
Calculate (2 - (6 + 0)) + 6.
2
-1435 - -1448 - (-1 - (2 + -4 + -2))
10
Evaluate 15 + -5 - (-45 + 42).
13
Calculate (-37 + 28 - (2 + -4)) + 20.
13
What is -3 + (-12 - 2 - (-99 + 91))?
-9
32 - 30 - (2 + 1 - 6)
5
Evaluate 2 - 1 - 13 - (-42 + 47) - -4.
-13
-1 - -10 - (15 + 4 + (14 - 6))
-18
Calculate 17 - (-2 - 3 - -28).
-6
4 - ((-5 - -9) + (-8 - -11))
-3
What is the value of (4 + -2 - 27) + 7 + -2?
-20
What is the value of 8 - 1 - (-262 + 282)?
-13
-4 + 0 - -2 - (61 - 51)
-12
28 - (76 - 35 - -15)
-28
Evaluate (-8 - 3 - -13) + -37 + 0.
-35
Calculate 8 + -1 + -37 + 17 + 6.
-7
Calculate 2 + (1 - 24) - (-1 + (8 - -5)).
-33
Calculate (-15 - -1 - (-199 + 207)) + 7.
-15
Calculate -16 + (19 - -3) + 2.
8
What is the value of 321 + -322 + 1 + 5?
5
(0 - (0 + -5)) + (-10 - (12 - 23))
6
(-65 - (30 + -90)) + 0 + (1 - 8)
-12
What is the value of 14 + 2 + 1 + (-6 - 0 - 1)?
10
Evaluate (-10 - ((-29 - 33) + (6 - 2))) + -12.
36
What is the value of -20 + 0 - 1 - (-11 - (-65 + 61))?
-14
-4 - -8 - ((2 - -1) + 15)
-14
What is the value of 16 + (-23 - (-30 - -14))?
9
Calculate 7 - (42 - 14) - -7.
-14
What is -4 - -12 - 12 - -1?
-3
What is the value of (-55 - -65) + (0 - (5 - 3))?
8
3 - ((8 + 1 - 1) + (-431 - -426))
0
(3 - -3) + (-188 - -196 - (36 - -1))
-23
What is the value of -5 + -6 - (-3 + -8 - -3) - 6?
-9
Evaluate -7 + (3 + -2 - 0) + 1 - -11.
6
-2 + -8 - (-14 - (-26 + 3))
-19
Calculate (0 - -2) + -14 + (32 - 15) - 3.
2
What is the value of -7 - (-14 + (6 - (9 + -13)))?
-3
What is (19 - (-14 - -27) - 33) + 17?
-10
0 - (38 + -36 + 8)
-10
What is the value of -4 + (-7 + 19 - 1)?
7
Calculate 12 - 10 - -8 - (6 + 13 + -1).
-8
What is 10 + (-1 - (-1 - (11 + -14)))?
7
What is the value of (-5 - 15 - 10) + 21?
-9
What is the value of -6 + 9 + -3 + (-1 - -1)?
0
What is 21 - (-2 - -18 - (64 - 55))?
14
47 + -70 - (-17 - -3)
-9
What is -4 + (11 - (7 - -14))?
-14
What is the value of (5 - 25 - 3) + 36 + -36?
-23
Evaluate (-39 - -43) + (0 - (-1 + 0)) + 5.
10
What is 6 + -4 + 2 + 2 + -3 + 1?
4
Calculate -1 - 0 - (-1 + (3 - 1)) - -5.
3
Calculate 2 + 4 + 16 - (-21 + 18).
25
What is the value of -7 - ((36 - 7) + -33)?
-3
Evaluate -7 - ((-18 - -7) + 19) - -3.
-12
Evaluate -10 - (16 + -31) - (2 + 23).
-20
What is -37 - -36 - ((-1 - -3) + 5)?
-8
What is -14 - (5 - -1 - (171 - 167))?
-16
What is the value of -10 + 2 - (-4 + -8 - -9) - -10?
5
-6 + 4 + (5 - 16 - 1)
-14
What is the value of -149 + 155 - (15 + -2)?
-7
Calculate 8 + ((-9 - -17) + (-1 - 1) - 5).
9
What is (12 - (-1 - -2)) + -19?
-8
What is (1 + -1 - 2 - 1 - -3) + 8?
8
Calculate -6 + 10 + (-15 - -8) - 7.
-10
Calculate -28 + 0 - (-37 + -23 + 59).
-27
3 + -5 + -14 + 12 + 4 + -8
-8
What is the value of -1 - 1 - ((-19 - (-5 - 12)) + -4)?
4
Evaluate 13 - (-17 + 10 + 17 + -9 + -10).
22
1 - (4 + -8) - (55 - 57)
7
What is 10 - ((-155 - -181) + -1 + -10)?
-5
Evaluate 2 - ((-2 - (-16 + 7)) + 0 + 0).
-5
What is the value of -14 - (-4 - (-2 + (5 - 4)))?
-11
Calculate -10 + 5 - (-5 + 0).
0
Evaluate (-1 - (-3 + 0) - -2) + 12 + -7.
9
-16 - (-12 - (13 + -12))
-3
Evaluate -31 + (34 - -26) + -30.
-1
What is the value of (-10 - -23) + -39 + 11?
-15
What is the value of (-2 + (5 - -1) - 9) + (-6 - 0)?
-11
Evaluate (28 - 27) + (5 - 2 - 2).
2
Evaluate -4 - (0 - (-3 + 10 + -1)) - -3.
5
53 + -83 + 49 - 27
-8
Evaluate (-6 - 2) + -3 + 19 + -2.
6
What is 1159 + -1199 - (0 - 32)?
-8
Evaluate 12 - (17 + 1 + 9).
-15
What is the value of -6 - (-15 + 8 + -4 + -2) - 21?
-14
What is -22 - (-21 - (1 + -23))?
-23
Calculate (-36 - -10 - -20) + -2.
-8
What is the value of 79 + -77 - (-11 - -14 - (1 - 3))?
-3
Evaluate 0 - -1 - (46